 + 5?
5
-30 - (-1 + -3 + 4 + 48 + -49)
-29
Evaluate -147 - -155 - (1 + -1 - -4).
4
Evaluate -23 - (8 + 14 + -31).
-14
4 + (10 - 10) - (-6 - 15)
25
What is 18 + ((-2 - -10) + -4 - 6)?
16
What is -46 + (5 + 6 + -13 - -9)?
-39
0 + (-1 - -1 - (-53 + 53))
0
What is (9 - 7 - -3) + 0 - 30?
-25
Evaluate (3 - 6 - -4) + -6 - (23 - 12).
-16
What is -772 + 747 - (2 + -33)?
6
What is 28 + -39 + (2 + -1 - 4)?
-14
What is the value of (8 - 2) + (0 - (-4 + 4))?
6
Evaluate 34 + (-2 - 5 - (-14 - -12)) - 8.
21
Evaluate -1 + -1 + (-29 - -89 - 42).
16
(665 - 664) + 0 + -1
0
What is the value of (46 - 28) + -16 + -10?
-8
Calculate 15 + -17 - (-9 + 2 + -1).
6
Evaluate 2 + (2 - 4) + 30 + 14 + -13.
31
Calculate 3 + -4 + 2 + -8 + (3 - 9).
-13
Calculate 1674 - 1660 - (50 - (0 - 1)).
-37
(-4 - (-1 - -6)) + 8 + -3
-4
Evaluate 14 - (16 - (1 - -10)) - 2.
7
Evaluate 4 - (19 - (8 - 10)).
-17
Calculate 9 + -17 - -2 - -24.
18
Evaluate -13 + (-9 - -13) - (28 + -11).
-26
What is 6 + 21 - 15 - 7?
5
What is (4 - (4 - 8)) + (-5 - (0 - 0))?
3
2 + 4 + -20 + -7 - -15
-6
Evaluate (-9 - 1 - (-20 - -5)) + 25.
30
Calculate (-105 - -105) + -16 + (-1 - 2 - -3).
-16
Evaluate (31 - (2 - -11)) + -12.
6
What is the value of -421 + 402 - (3 - 1)?
-21
16 - 22 - 10 - -6
-10
What is the value of -16 + (-9 - 10) + 24?
-11
Calculate (2 - (7 - 15)) + -15 - (-16 + 0).
11
Evaluate 0 - ((-4 - 8 - 1) + -3 - -1).
15
What is -8 + -20 + 17 - -19?
8
-4 + (-12 - -11) - 1
-6
What is the value of (1 - -17 - (37 - 28)) + -1?
8
Evaluate -19 + -4 + -11 + 18.
-16
-2 + 2 + 5 + 3 + -11 + 11
8
(-10 - 0) + -4 - -11 - 13
-16
What is the value of -13 + 3 - -12 - (8 - 0)?
-6
Calculate -16 + 1 + (0 - 31) + 47.
1
Evaluate (-2 + -8 - (10 - 28 - -12)) + 20.
16
What is (31 + -25 - 0) + (8 - 5)?
9
What is (-2 - -7 - 12) + 16?
9
Calculate -13 + (23 + -7 - 20).
-17
Evaluate -11 - (7 - 20) - -31 - 13.
20
Calculate -15 + 8 + (0 + 1 - -1).
-5
Evaluate (-15 - -15 - -2) + -16 + 3 + 5.
-6
What is the value of 33 - -29 - (9 - -26)?
27
What is the value of 2 - ((3 - (24 + 8)) + 12)?
19
Calculate 6 - (4 + (-8 - (-7 + 1 + 0))).
4
What is -65 + (-2 - (2 - 38))?
-31
Evaluate (3 + 2 - (4 + -3)) + 10.
14
What is (0 + 5 + 2 - 0) + 5?
12
Calculate (14 - 28 - 25) + 11.
-28
13 - (16 - -2 - -13)
-18
Evaluate -5 + 8 + (12 - 4 - 4).
7
Calculate 13 + -50 + (2 - -1 - -8).
-26
What is the value of (-23 - -30) + -8 + (7 - (0 - 0))?
6
What is the value of -7 - -8 - -15 - 29?
-13
4 + -11 + -1 - 2
-10
Evaluate 100 + -109 + (20 - -3).
14
What is (14 - 15) + 11 + 7 + 4?
21
Evaluate (23 - (1 - -27)) + -16.
-21
Calculate (-12 - -1) + (15 + -15 - 2) - -1.
-12
What is (11 - 4) + (-4 + -1 - -12)?
14
Calculate 8 - (5 + -5 - ((-7 - -15) + -7)).
9
Evaluate 1 + 14 + 14 + -18 + 5 + -1.
15
What is -326 - -309 - (-2 + 2 + 13)?
-30
Evaluate -431 - -440 - (4 + 0).
5
What is the value of 45 + -18 - (3 - -13)?
11
What is the value of (-3 - -5) + -4 - (222 - 226)?
2
What is (21 - (-2 - -18)) + 1 + -15?
-9
What is the value of (11 - (15 + -7)) + -14 + 7?
-4
What is the value of 1 - -3 - ((8 - 10) + 13 - 9)?
2
-3 - (5 - (6 - (-5 - 1)))
4
(-2 - 0) + 14 + -25
-13
Evaluate (1 - (-3 - 0 - -7)) + -137 + 125.
-15
Calculate 52 - (22 + (34 - 34)).
30
What is the value of -16 + 3 - -15 - -3?
5
Calculate 29 - 36 - (9 + -4).
-12
What is the value of -8 + (8 + -17 - -26)?
9
Evaluate -13 + 5 + -11 + (-6 - -11).
-14
Evaluate 19 + -21 + 9 + 0.
7
What is the value of -21 + (19 - -2 - -17) + (-1 - 2)?
14
What is 117 + -121 - (-10 + -4)?
10
What is (0 - (-15 - -11)) + (-1 - -6)?
9
What is -17 + 3 + (3 - -3) + -2?
-10
Calculate 14 + (-12 - (-11 - -15)).
-2
Calculate 0 - (9 + -2 - 13 - -11).
-5
Evaluate 14 + (10 + -21 - -2).
5
Evaluate -3 + (-2 - (2 - 0) - 5).
-12
Evaluate -4 + 0 - (4 + -33) - 11.
14
What is -2 - ((-8 - -11) + 17 + -7)?
-15
Calculate -3 + 1 + (-5 + -11 - (-9 - -9)).
-18
Evaluate 0 + 13 - (-19 + 21) - (32 - 26).
5
What is -96 - -96 - (-2 - (-9 - 4))?
-11
Calculate 1 + 31 + (-110 - -110).
32
-5 + (16 - 24 - ((-3 - 0) + -4))
-6
What is (9 - 14) + (8 - 28)?
-25
What is (5 - 8) + (14 - 5)?
6
Calculate (3 + -2 - 1) + (53 - 44).
9
What is the value of -3 + 1 - (290 + -300)?
8
What is the value of -11 - ((-1 - -16) + (34 - 43))?
-17
-21 + (13 - (14 - 7) - -2)
-13
Calculate 3 + (-11 + 8 - 10).
-10
Evaluate (-6 - (3 + -2)) + (5 - 0).
-2
Evaluate 24 - (42 + -21 - 11).
14
Calculate (-24 - -3) + (-80 - -43) + 51.
-7
What is the value of (44 - -8) + -36 - (-1 - -32)?
-15
Evaluate (-5 + 7 - -2 - (9 - 15)) + -1.
9
What is (26 - (-21 - -23)) + -39?
-15
What is -1 + -2 - (7 + (16 - 8 - -10))?
-28
What is 5 + (-23 + (13 - 6) - 2)?
-13
-9 - (-2 + 3 + -9 + -4)
3
What is the value of -30 + (17 - (-2 + 8 + 1))?
-20
14 - (-1 + (23 - 14) + (-1 - -1))
6
What is the value of 32 + -2 + 3 + 3 + (142 - 153)?
25
(1 - 11) + -7 - -2 - 8 - 7
-30
Calculate (-41 - -29) + 7 + -2 - -3 - 0.
-4
-3 + -6 + -8 + -13 + 68
38
Calculate (-3 - -1) + 23 + -12 + 13 + -14.
8
What is -115 - -107 - (-6 + (0 - -2)) - -7?
3
Evaluate 102 + -97 - (1 - (-18 + -3)).
-17
1 - 7 - (1 - 1) - 8
-14
Evaluate (9 - (9 - -7) - -1) + -6.
-12
Calculate 9 - -1 - ((23 - 14) + 1).
0
Evaluate 29 - (40 + -17 - 22).
28
What is the value of 25 - 38 - -42 - 8?
21
Evaluate (-6 - (-1 - 7 - -25)) + -2 + 9.
-16
Evaluate 9 + -1 + 3 - (0 + 34).
-23
11 + (-22 - (-18 + 10 - -15))
-18
-3 - -2 - -6 - 4 - (-7 + 11)
-3
What is the value of 0 - (-10 + -2 + 9 - -3 - 4)?
4
What is the value of (-3 - -13 - 3) + (9 - (-2 - -3))?
15
-9 + 15 - -30 - 19
17
What is the value of -10 - (-12 - (-2 + 6))?
6
What is the value of -8 + -10 + 19 - ((34 - -6) + -8)?
-31
-24 + (19 - 9) + 10
-4
Calculate -6 + -2 + (0 + -22 - -20).
-10
What is -15 - (-11 + 2 - -2 - 2)?
-6
Evaluate -8 + (1 - 7) + 3.
-11
What is the value of (-11 - 7) + (-72 - -102)?
12
Calculate -8 + -1 - 2 - (-14 + (-14 - -32)).
-15
5 - (6 - (12 + 8) - -20)
-1
Calculate -16 - (5 - 10) - (-36 + -2) - -1.
28
Calculate 22 - (-27 + 27 - -19).
3
What is the value of (31 - (21 - 20)) + -53?
-23
Calculate 12 - -4 - (6 - 7).
17
Evaluate -49 + 16 + 60 - 35.
-8
What is the value of (31 + -19 - 15) + 17?
14
-1 - ((48 - 18) + -35)
4
What is 110 + -117 + (-3 - (2 - 1))?
-11
Evaluate (14 - (-37 + 19)) + -55.
-23
Calculate -8 + (-22 - (1 - (9 + -4))).
-26
What is the value of 15 + (-4 + 6 - 10)?
7
What is the value of 0 + -4 + 9 + -2?
3
(-22 - -1) + (-259 - -286)
6
-3 + (-1 - 4) - (14 + -14)
-8
What is the value of -33 - (-57 - (36 - 45))?
15
What is the value of -11 + (-3 - 5 - (-23 + -19)) + -10?
13
Calculate 17 + (-20 - (4 - -16) - -13).
-10
What is 16 + -4 + 12 + -37?
-13
What is (22 + -6 - 12) + (-31 + 0 - 2)?
-29
What is 17 - (9 - (-11 + 9))?
6
What is the value of -29 + 40 - (23 + 0 + -2)?
-10
(-12 - (13 + -28 + 13)) + -10
-20
31 + -15 + -4 + -5 + -5 + 17
19
-4 + -2 + 0 + (1 - (7 - 24))
12
9 + (-5 - -18) + -38
-16
Evaluate 18 - (13 + 5 + -13).
13
Calculate 1 + -13 - (-47 + 40).
-5
Calculate -10 - (10 + -21 + (1 - -16)).
-16
What is -13 + (-5 - -6) + (2 - 3) + -1?
-14
Calculate -7 - (0 + -15 + -6 + 13 - 13).
14
Evaluate -2 - (-5 + 6 + -1 + -5) - 7.
-4
What is 1 + (-5 - (0 + 6))?
-10
Calculate (31 + -28 - (0 + -6)) + -19.
-10
What is -12 + (11 - (-6 - -6)) + -1 + -3?
-5
-6 + (-7 - 8) + 4
-17
Evaluate -7 - (-29 + 14 + 29).
-21
What is -7 + (4 - (7 + (5 - 18))) - 2?
1
Evaluate -33 + 2 + 13 + 6.
-12
3 - -1 - 14 - (159 - 148)
-21
Evaluate -32 + (-2 + 9 - (-7 + 4 + 0)).
-22
-4 + -18 + 17 - (-2 + 1 + -8)
4
8 - -1 - (-16 + 28)
-3
Evaluate (-1 - -5 - -2 - (-19 + -4)) + -9.
20
Evaluate 16 + (-32 - (-27 + 9 + 0)).
2
Calculate -27 + (27 + -24 - -30).
6
What is -9 - (8 + (-16 + 7 - -7)) - -8?
-7
What is the value of (-55 - -69) + (-15 - -3)?
2
What is the value of 137 - 137 - (-4 - 2) - 0?
6
What is the value of 7 + ((-5 - -5) + 6 - 5 - -3)?
11
18 - ((41 + -43 - (1 - 0)) + 6)
15
Evaluate 2 - -1 - (16 - (-9 + 12 + 6)).
-4
What is 4 + 2 - 18 - (4 + 3 + -1)?
-18
What is the value of -16 - ((13 - 18) + -15)?
4
What is -1 + 1 + 70 + -46?
24
Calculate (-6119 - -6096) + (14 + -1 - 1).
-11
Evaluate 12 - (-21 - -32) - 20.
-19
-63 + 28 + -12 + (10 - -4)
-33
-3 - -3 - 0 - -11
11
-6 + 7 + (-21 + 21 - -20)
21
-23 + 0 - (-78 + 3 - -71)
-19
What is the value of (-12 - -8 - -10) + -10 - -5?
1
What is -14 + (-5 - -12) + 0?
-7
What is the value of -6 + 0 + -